{"id":322,"date":"2020-04-28T11:27:48","date_gmt":"2020-04-28T11:27:48","guid":{"rendered":"https:\/\/platformarozwojowa.pl\/dzieci-szkolne\/?page_id=322"},"modified":"2024-04-19T05:42:08","modified_gmt":"2024-04-19T05:42:08","slug":"kurs","status":"publish","type":"page","link":"https:\/\/platformarozwojowa.pl\/dzieci-szkolne\/","title":{"rendered":"Kurs"},"content":{"rendered":"<p>[et_pb_section fb_built=&#8221;1&#8243; _builder_version=&#8221;4.16&#8243; min_height=&#8221;1398.1px&#8221; custom_margin=&#8221;||-245px|||&#8221; custom_padding=&#8221;||0px|||&#8221; global_colors_info=&#8221;{}&#8221;][et_pb_row _builder_version=&#8221;4.16&#8243; global_colors_info=&#8221;{}&#8221;][et_pb_column type=&#8221;4_4&#8243; _builder_version=&#8221;4.16&#8243; global_colors_info=&#8221;{}&#8221;][et_pb_image src=&#8221;https:\/\/platformarozwojowa.pl\/dzieci-szkolne\/wp-content\/uploads\/2024\/04\/Dziecko-szkolne-kurs-webinarowy.png&#8221; title_text=&#8221;Dziecko szkolne &#8211; kurs webinarowy&#8221; align=&#8221;center&#8221; _builder_version=&#8221;4.24.3&#8243; width=&#8221;100%&#8221; global_colors_info=&#8221;{}&#8221;][\/et_pb_image][et_pb_button button_url=&#8221;#okursie&#8221; button_text=&#8221;Wi\u0119cej informacji o kursie&#8221; _builder_version=&#8221;4.16&#8243; global_colors_info=&#8221;{}&#8221;][\/et_pb_button][et_pb_button button_url=&#8221;https:\/\/platformarozwojowa.pl\/zamowienie\/?add-to-cart=219111&#038;price-id=3&#8243; button_text=&#8221;Zapisuj\u0119 si\u0119&#8221; button_alignment=&#8221;center&#8221; _builder_version=&#8221;4.24.3&#8243; _module_preset=&#8221;default&#8221; custom_button=&#8221;on&#8221; button_text_size=&#8221;40px&#8221; button_text_color=&#8221;#FFFFFF&#8221; button_bg_color=&#8221;#8300E9&#8243; hover_enabled=&#8221;0&#8243; global_colors_info=&#8221;{}&#8221; sticky_enabled=&#8221;0&#8243;][\/et_pb_button][et_pb_text admin_label=&#8221;okursie&#8221; module_id=&#8221;okursie&#8221; _builder_version=&#8221;4.16&#8243; text_font_size=&#8221;18px&#8221; text_line_height=&#8221;1.8em&#8221; min_height=&#8221;711.4px&#8221; global_colors_info=&#8221;{}&#8221;]<\/p>\n<h1 style=\"text-align: center;\">O kursie<\/h1>\n<p>&nbsp;<\/p>\n<p>Je\u015bli jeste\u015b rodzicem dziecka w wieku szkolnym (7-12), i potrzebujesz wsparcia w radzeniu sobie z typowymi dla tego okresu wyzwaniami, stworzy\u0142y\u015bmy ten kurs dla Ciebie.<\/p>\n<p>W trakcie kursu b\u0119dziemy dzieli\u0142y si\u0119 nasz\u0105 wiedz\u0105 i do\u015bwiadczeniem, dotycz\u0105cymi wspierania dzieci w wieku szkolnym (7-12), a tak\u017ce zach\u0119ca\u0142y do dzielenia si\u0119 w\u0105tpliwo\u015bciami, wymiany i wzajemnego inspirowania si\u0119 w gronie uczestnik\u00f3w.<\/p>\n<p>Webinarowy kurs online adresujemy do rodzic\u00f3w dzieci w wieku szkolnym (klasy 1-5), kt\u00f3rzy:<br \/><span style=\"font-weight: 400;\">\u2705\u00a0<\/span>poszukuj\u0105 sposob\u00f3w na radzenie sobie z codziennymi wyzwaniami, w kt\u00f3re wiek szkolny obfituje,<br \/><span style=\"font-weight: 400;\">\u2705\u00a0<\/span>chcieliby zdoby\u0107 wiedz\u0119 o rozwoju dzieci, kt\u00f3ra niesie now\u0105, perspektyw\u0119 i pozwala adekwatnie wspiera\u0107 dzieci,<br \/><span style=\"font-weight: 400;\">\u2705\u00a0<\/span>chc\u0105 wspiera\u0107 swoje dzieci w regulacji emocji,<br \/><span style=\"font-weight: 400;\">\u2705\u00a0<\/span>chc\u0105 uczy\u0107 si\u0119 budowa\u0107 wsp\u00f3\u0142prac\u0119 z dzie\u0107mi w spos\u00f3b, kt\u00f3ry uwzgl\u0119dnia zmiany, kt\u00f3re zachodz\u0105 w rozwoju dziecka w tym etapie<br \/><span style=\"font-weight: 400;\">\u2705\u00a0<\/span>pragn\u0105 budowa\u0107 z dzie\u0107mi relacj\u0119, kt\u00f3ra b\u0119dzie owocowa\u0107 ca\u0142e \u017cycie,<br \/><span style=\"font-weight: 400;\">\u2705\u00a0<\/span>chc\u0105 \u015bwiadomie budowa\u0107 wsp\u00f3\u0142prac\u0119 ze szko\u0142\u0105, nauczycielami i specjalistami wspieraj\u0105cymi dziecko,<br \/>potrzebuj\u0105 zadba\u0107 o siebie, swoje emocje i potrzeby.\u00a0<\/p>\n<p><span style=\"font-weight: 400;\">Webinarowy kurs online to:<br \/>\u2705 w sk\u0142ad kursu wchodz\u0105 3 webinaria (+plus pe\u0142ne merytoryki webinarium promocyjne &#8211; 11.04.2024). Czas trwania webinari\u00f3w: 90 minut<br \/>\u2705 Kurs trwa w dniach: 18.04-09.05.2024<br \/>\u2705 Uczestnicy otrzymaj\u0105 dost\u0119p do nagra\u0144 webinari\u00f3w na 24 miesi\u0105ce. Taka formu\u0142a umo\u017cliwia prac\u0119 we w\u0142asnym tempie. <br \/><\/span><\/p>\n<p><span style=\"font-weight: 400;\">\u00a0<\/span><\/p>\n<p>&nbsp;<\/p>\n<p><span><\/span><\/p>\n<p>[\/et_pb_text][\/et_pb_column][\/et_pb_row][\/et_pb_section][et_pb_section fb_built=&#8221;1&#8243; _builder_version=&#8221;4.16&#8243; min_height=&#8221;89px&#8221; custom_margin=&#8221;177px||||false|false&#8221; global_colors_info=&#8221;{}&#8221;][et_pb_row _builder_version=&#8221;4.16&#8243; global_colors_info=&#8221;{}&#8221;][et_pb_column type=&#8221;4_4&#8243; _builder_version=&#8221;4.16&#8243; global_colors_info=&#8221;{}&#8221;][et_pb_text _builder_version=&#8221;4.16&#8243; width=&#8221;100%&#8221; global_colors_info=&#8221;{}&#8221;]<\/p>\n<h1 style=\"text-align: center;\">Prowadz\u0105ce<\/h1>\n<p>[\/et_pb_text][\/et_pb_column][\/et_pb_row][\/et_pb_section][et_pb_section fb_built=&#8221;1&#8243; specialty=&#8221;on&#8221; _builder_version=&#8221;4.16&#8243; global_colors_info=&#8221;{}&#8221;][et_pb_column type=&#8221;1_2&#8243; _builder_version=&#8221;4.16&#8243; custom_padding=&#8221;|||&#8221; global_colors_info=&#8221;{}&#8221; custom_padding__hover=&#8221;|||&#8221;][et_pb_image src=&#8221;https:\/\/platformarozwojowa.pl\/dzieci-szkolne\/wp-content\/uploads\/2020\/04\/Zrzut-ekranu-2018-06-02-o-20.51.54-1.png&#8221; title_text=&#8221;Zrzut-ekranu-2018-06-02-o-20.51.54-1&#8243; _builder_version=&#8221;4.16&#8243; global_colors_info=&#8221;{}&#8221;][\/et_pb_image][\/et_pb_column][et_pb_column type=&#8221;1_2&#8243; specialty_columns=&#8221;2&#8243; _builder_version=&#8221;4.16&#8243; custom_padding=&#8221;|||&#8221; global_colors_info=&#8221;{}&#8221; custom_padding__hover=&#8221;|||&#8221;][et_pb_row_inner _builder_version=&#8221;4.16&#8243; global_colors_info=&#8221;{}&#8221;][et_pb_column_inner saved_specialty_column_type=&#8221;1_2&#8243; _builder_version=&#8221;4.16&#8243; global_colors_info=&#8221;{}&#8221;][et_pb_text _builder_version=&#8221;4.16&#8243; text_font_size=&#8221;17px&#8221; text_line_height=&#8221;1.9em&#8221; text_orientation=&#8221;justified&#8221; global_colors_info=&#8221;{}&#8221;]<\/p>\n<h1><span><\/span>Gosia Sta\u0144czyk<\/h1>\n<p class=\"et_pb_member_position\">psycholog<\/p>\n<div>\n<p><span>Jestem psychologiem, mam\u0105 trojga dzieci. Wspieram rodzic\u00f3w <br \/>i nauczycieli w poszukiwaniu wiedzy, narz\u0119dzi i sposob\u00f3w na satysfakcjonuj\u0105cy, oparty na szacunku kontakt z dzie\u0107mi. Prowadz\u0119 warsztaty dla rodzic\u00f3w, <\/span><a href=\"http:\/\/www.gosiastanczyk.pl\/webinaria\/\" target=\"_blank\" rel=\"noopener noreferrer\">webinaria<\/a><span> i superwizyjne spotkania dla nauczycieli. Jestem autork\u0105 ksi\u0105\u017cek <strong>\u201eRodze\u0144stwo\u201d <\/strong>oraz <strong>\u201eMoje dziecko si\u0119 z\u0142o\u015bci&#8221;<\/strong>. Pisz\u0119 blog po\u015bwi\u0119cony sprawom rodzicielstwa i rozwoju:\u00a0<\/span><a href=\"http:\/\/www.gosiastanczyk.pl\/\" target=\"_blank\" rel=\"noopener noreferrer\">www.gosiastanczyk.pl<\/a><span>.\u00a0<\/span><\/p>\n<p><span>\u00a0<\/span><\/p>\n<p><span><strong>\u00a0<\/strong><\/span><\/p>\n<\/div>\n<p>[\/et_pb_text][\/et_pb_column_inner][\/et_pb_row_inner][\/et_pb_column][\/et_pb_section][et_pb_section fb_built=&#8221;1&#8243; specialty=&#8221;on&#8221; _builder_version=&#8221;4.16&#8243; global_colors_info=&#8221;{}&#8221;][et_pb_column type=&#8221;1_2&#8243; _builder_version=&#8221;4.16&#8243; custom_padding=&#8221;|||&#8221; global_colors_info=&#8221;{}&#8221; custom_padding__hover=&#8221;|||&#8221;][et_pb_image src=&#8221;https:\/\/platformarozwojowa.pl\/dzieci-szkolne\/wp-content\/uploads\/2021\/10\/DSC06052-1-683&#215;1024-1-1.jpg&#8221; title_text=&#8221;DSC06052-1-683&#215;1024-1&#8243; _builder_version=&#8221;4.16&#8243; global_colors_info=&#8221;{}&#8221;][\/et_pb_image][\/et_pb_column][et_pb_column type=&#8221;1_2&#8243; specialty_columns=&#8221;2&#8243; _builder_version=&#8221;4.16&#8243; custom_padding=&#8221;|||&#8221; global_colors_info=&#8221;{}&#8221; custom_padding__hover=&#8221;|||&#8221;][et_pb_row_inner _builder_version=&#8221;4.16&#8243; global_colors_info=&#8221;{}&#8221;][et_pb_column_inner saved_specialty_column_type=&#8221;1_2&#8243; _builder_version=&#8221;4.16&#8243; global_colors_info=&#8221;{}&#8221;][et_pb_text _builder_version=&#8221;4.16&#8243; text_font_size=&#8221;17px&#8221; text_line_height=&#8221;1.9em&#8221; text_orientation=&#8221;justified&#8221; global_colors_info=&#8221;{}&#8221;]<\/p>\n<h1>Kasia Kalinowska<\/h1>\n<p class=\"et_pb_member_position\"><span>psycholog<\/span><\/p>\n<div>\n<p><span>Jestem psycholo\u017ck\u0105, autork\u0105 projektu Przystanek Relacja, certyfikowan\u0105 trenerk\u0105 FamilyLab Polska, nauczycielk\u0105 Montessori. Wspieram rodzic\u00f3w i nauczycieli w budowaniu czu\u0142ych relacji z sob\u0105, dzie\u0107mi i innymi doros\u0142ymi. Jestem absolwentk\u0105 licznych szkole\u0144 z zakresu Rodzicielstwa Blisko\u015bci i Porozumienia bez Przemocy.<\/span><\/p>\n<p>&nbsp;<\/p>\n<p>&nbsp;<\/p>\n<\/div>\n<p>[\/et_pb_text][\/et_pb_column_inner][\/et_pb_row_inner][\/et_pb_column][\/et_pb_section][et_pb_section fb_built=&#8221;1&#8243; _builder_version=&#8221;4.16&#8243; global_colors_info=&#8221;{}&#8221;][et_pb_row _builder_version=&#8221;4.16&#8243; background_size=&#8221;initial&#8221; background_position=&#8221;top_left&#8221; background_repeat=&#8221;repeat&#8221; global_colors_info=&#8221;{}&#8221;][et_pb_column type=&#8221;4_4&#8243; _builder_version=&#8221;4.16&#8243; custom_padding=&#8221;|||&#8221; global_colors_info=&#8221;{}&#8221; custom_padding__hover=&#8221;|||&#8221;][et_pb_code _builder_version=&#8221;4.16&#8243; _module_preset=&#8221;default&#8221; global_colors_info=&#8221;{}&#8221;]<div id=\"cbox-GGGTsAzoLPB35LMa\"><\/div>[\/et_pb_code][et_pb_text _builder_version=&#8221;4.16&#8243; background_size=&#8221;initial&#8221; background_position=&#8221;top_left&#8221; background_repeat=&#8221;repeat&#8221; text_orientation=&#8221;center&#8221; module_alignment=&#8221;center&#8221; global_colors_info=&#8221;{}&#8221;]<\/p>\n<h1>Program kursu<\/h1>\n<p>[\/et_pb_text][\/et_pb_column][\/et_pb_row][et_pb_row column_structure=&#8221;1_3,1_3,1_3&#8243; _builder_version=&#8221;4.16&#8243; background_size=&#8221;initial&#8221; background_position=&#8221;top_left&#8221; background_repeat=&#8221;repeat&#8221; global_colors_info=&#8221;{}&#8221;][et_pb_column type=&#8221;1_3&#8243; _builder_version=&#8221;4.16&#8243; custom_padding=&#8221;|||&#8221; global_colors_info=&#8221;{}&#8221; custom_padding__hover=&#8221;|||&#8221;][et_pb_testimonial portrait_url=&#8221;https:\/\/platformarozwojowa.pl\/dzieci-szkolne\/wp-content\/uploads\/2024\/04\/1.png&#8221; quote_icon=&#8221;off&#8221; _builder_version=&#8221;4.24.3&#8243; background_color=&#8221;#f7f7f7&#8243; background_size=&#8221;initial&#8221; background_position=&#8221;top_left&#8221; background_repeat=&#8221;repeat&#8221; border_radii_portrait=&#8221;on|150px|150px|150px|150px&#8221; global_colors_info=&#8221;{}&#8221;]<\/p>\n<p><b>WEBINAR 1<br \/><\/b><\/p>\n<p><b><\/b><\/p>\n<p><strong>Co warto wiedzie\u0107 o rozwoju szkolniaka?<\/strong><\/p>\n<p><span style=\"font-weight: 400;\"><\/span><\/p>\n<p><strong>Termin: 18.04.2024 (czwartek) o 21:00<\/strong><\/p>\n<p><span style=\"font-weight: 400;\">Dzieci w wieku szkolnym cz\u0119sto daj\u0105 nam jasno zna\u0107 (swoim niezadowoleniem, opryskliwo\u015bci\u0105, wycofaniem), \u017ce strategie rodzicielskie, kt\u00f3re wykszta\u0142cili\u015bmy sobie, gdy by\u0142y ma\u0142e, przesta\u0142y dzia\u0142a\u0107. Wiedza o rozwoju dzieci pomaga rozpu\u015bci\u0107 wiele rodzicielskiego napi\u0119cia i da\u0107 now\u0105 perspektyw\u0119 na trudne dzieci\u0119ce zachowania. Pomaga te\u017c zyska\u0107 nowe strategie radzenia sobie z codziennymi wyzwaniami.<\/span><\/p>\n<p><strong>Tematy, kt\u00f3rym b\u0119dziemy si\u0119 przygl\u0105da\u0107 podczas webinarium:<\/strong><\/p>\n<ul>\n<li style=\"font-weight: 400;\" aria-level=\"1\"><span style=\"font-weight: 400;\">Okres wczesnoszkolny to nie tylko rozw\u00f3j poznawczy<\/span><\/li>\n<li style=\"font-weight: 400;\" aria-level=\"1\"><span style=\"font-weight: 400;\">Ja w oczach innych &#8211; rozw\u00f3j spo\u0142eczny i emocjonalny dzieci w wieku szkolnym<\/span><\/li>\n<li style=\"font-weight: 400;\" aria-level=\"1\"><span style=\"font-weight: 400;\">W du\u017cym ciele m\u0142ody m\u00f3zg &#8211; jak dostosowa\u0107\u00a0swoje oczekiwania do mo\u017cliwo\u015bci rozwojowych dziecka<\/span><\/li>\n<li style=\"font-weight: 400;\" aria-level=\"1\"><span style=\"font-weight: 400;\">Jak wspiera\u0107 odporno\u015b\u0107 psychiczn\u0105 dzieci<\/span><\/li>\n<li style=\"font-weight: 400;\" aria-level=\"1\"><span style=\"font-weight: 400;\">Jak wykorzysta\u0107 wiedz\u0119 o rozwoju do budowania nowych strategii<\/span><\/li>\n<li style=\"font-weight: 400;\" aria-level=\"1\"><span style=\"font-weight: 400;\">Kiedy szuka\u0107 wsparcia?<\/span><\/li>\n<\/ul>\n<p>[\/et_pb_testimonial][\/et_pb_column][et_pb_column type=&#8221;1_3&#8243; _builder_version=&#8221;4.16&#8243; custom_padding=&#8221;|||&#8221; global_colors_info=&#8221;{}&#8221; custom_padding__hover=&#8221;|||&#8221;][et_pb_testimonial portrait_url=&#8221;https:\/\/platformarozwojowa.pl\/dzieci-szkolne\/wp-content\/uploads\/2024\/04\/2.png&#8221; quote_icon=&#8221;off&#8221; _builder_version=&#8221;4.24.3&#8243; background_color=&#8221;#f7f7f7&#8243; background_size=&#8221;initial&#8221; background_position=&#8221;top_left&#8221; background_repeat=&#8221;repeat&#8221; border_radii_portrait=&#8221;on|150px|150px|150px|150px&#8221; global_colors_info=&#8221;{}&#8221;]<\/p>\n<p><b>WEBINAR 2<\/b><\/p>\n<p><strong>Jak budowa\u0107 wsp\u00f3\u0142prac\u0119 wok\u00f3\u0142 codziennych aktywno\u015bci<\/strong><\/p>\n<p><b><\/b><\/p>\n<p><strong>Termin: 25.04.2024 (czwartek) o 21:00<\/strong><\/p>\n<p><span style=\"font-weight: 400;\">\u201eLekcje odrobione?\u201d, \u201eA Ty nadal siedzisz przy komputerze?\u201d \u201eTe \u015bmieci same si\u0119 nie wynios\u0105\u201d. To cz\u0119sto pierwsze s\u0142owa, kt\u00f3re kierujemy do dzieci po powrocie do domu. Tymczasem one nadal potrzebuj\u0105 naszego zainteresowania tym, kim s\u0105 i co dla nich wa\u017cne. Opowiemy jak o to zadba\u0107, jednocze\u015bnie troszcz\u0105c si\u0119 o wsp\u00f3lnot\u0119, zdrowie i granice.<\/span><\/p>\n<p>&nbsp;<\/p>\n<p><strong>Tematy, kt\u00f3rym b\u0119dziemy si\u0119 przygl\u0105da\u0107 podczas webinarium:<\/strong><\/p>\n<ul>\n<li style=\"font-weight: 400;\" aria-level=\"1\"><span style=\"font-weight: 400;\">Czym charakteryzuje si\u0119 relacja wsp\u00f3\u0142pracy?<\/span><\/li>\n<li style=\"font-weight: 400;\" aria-level=\"1\"><span style=\"font-weight: 400;\">Co sprzyja wsp\u00f3\u0142pracy a co j\u0105 blokuje?<\/span><\/li>\n<li style=\"font-weight: 400;\" aria-level=\"1\"><span style=\"font-weight: 400;\">Jak zaprasza\u0107 dzieci do wsp\u00f3lnego troszczenia si\u0119 o dom?<\/span><\/li>\n<li style=\"font-weight: 400;\" aria-level=\"1\"><span style=\"font-weight: 400;\">Jak szuka\u0107 strategii, dotycz\u0105cych korzystania dzieci z elektroniki?<\/span><\/li>\n<li style=\"font-weight: 400;\" aria-level=\"1\"><span style=\"font-weight: 400;\">Szko\u0142a i uczenie si\u0119 &#8211; czego potrzebuj\u0105 od nas dzieci?<\/span><\/li>\n<li style=\"font-weight: 400;\" aria-level=\"1\"><span style=\"font-weight: 400;\">Jak radzi\u0107 sobie z rodzicielsk\u0105 frustracj\u0105 i bezradno\u015bci\u0105?<\/span><\/li>\n<\/ul>\n<ul><\/ul>\n<ul><\/ul>\n<ul><\/ul>\n<p>[\/et_pb_testimonial][\/et_pb_column][et_pb_column type=&#8221;1_3&#8243; _builder_version=&#8221;4.16&#8243; custom_padding=&#8221;|||&#8221; global_colors_info=&#8221;{}&#8221; custom_padding__hover=&#8221;|||&#8221;][et_pb_testimonial portrait_url=&#8221;https:\/\/platformarozwojowa.pl\/dzieci-szkolne\/wp-content\/uploads\/2024\/04\/3.png&#8221; quote_icon=&#8221;off&#8221; _builder_version=&#8221;4.24.3&#8243; background_color=&#8221;#f7f7f7&#8243; background_size=&#8221;initial&#8221; background_position=&#8221;top_left&#8221; background_repeat=&#8221;repeat&#8221; custom_padding=&#8221;|||30px||&#8221; global_colors_info=&#8221;{}&#8221;]<\/p>\n<p><b>WEBINAR 3<\/b><b><\/b><\/p>\n<p><b>Kiedy w szkole robi si\u0119 trudno\u00a0<\/b><\/p>\n<p><b><\/b><\/p>\n<p><strong>Termin: 9.05.2024 (czwartek) o 21:00<\/strong><\/p>\n<p><span style=\"font-weight: 400;\">Kwestie zwi\u0105zane ze szko\u0142\u0105 potrafi\u0105 zdominowa\u0107 rodzinn\u0105 codzienno\u015b\u0107. Ten webinar b\u0119dzie po\u015bwi\u0119cony temu, jak dba\u0107 o dobrostan dziecka i wzajemne relacje, tak by neutralizowa\u0107 obci\u0105\u017cenie zwi\u0105zane z obowi\u0105zkiem szkolnym.<\/span><\/p>\n<p><strong>Tematy, kt\u00f3rym b\u0119dziemy si\u0119 przygl\u0105da\u0107 podczas webinarium:<\/strong><\/p>\n<ul>\n<li style=\"font-weight: 400;\" aria-level=\"1\"><span style=\"font-weight: 400;\">Jak dzia\u0142a motywacja do nauki? Co j\u0105 wspiera a co blokuje?<\/span><\/li>\n<li style=\"font-weight: 400;\" aria-level=\"1\"><span style=\"font-weight: 400;\">Co wspiera rozw\u00f3j i nauk\u0119?<\/span><\/li>\n<li style=\"font-weight: 400;\" aria-level=\"1\"><span style=\"font-weight: 400;\">Jak rozpozna\u0107, \u017ce dziecko ma trudno\u015bci szkolne?<\/span><\/li>\n<li style=\"font-weight: 400;\" aria-level=\"1\"><span style=\"font-weight: 400;\">Jak budowa\u0107 wsp\u00f3\u0142prac\u0119 z nauczycielami i innymi specjalistami?<\/span><\/li>\n<li style=\"font-weight: 400;\" aria-level=\"1\"><span style=\"font-weight: 400;\">Jak wzmacnia\u0107 sprawczo\u015b\u0107 dziecka w zakresie uczenia si\u0119?<\/span><\/li>\n<li style=\"font-weight: 400;\" aria-level=\"1\"><span style=\"font-weight: 400;\">Kiedy do specjalisty?<\/span><\/li>\n<li style=\"font-weight: 400;\" aria-level=\"1\"><span style=\"font-weight: 400;\">Rodzina i szko\u0142a &#8211; co mo\u017cemy zrobi\u0107, by szko\u0142a nie obci\u0105\u017ca\u0142a relacji?<\/span><\/li>\n<\/ul>\n<ul><\/ul>\n<p>[\/et_pb_testimonial][\/et_pb_column][\/et_pb_row][et_pb_row _builder_version=&#8221;4.16&#8243; global_colors_info=&#8221;{}&#8221;][et_pb_column type=&#8221;4_4&#8243; _builder_version=&#8221;4.16&#8243; global_colors_info=&#8221;{}&#8221;][et_pb_blurb title=&#8221;Organizacja kursu&#8221; image=&#8221;https:\/\/platformarozwojowa.pl\/dzieci-szkolne\/wp-content\/uploads\/2020\/04\/emma-matthews-digital-content-production-8K62atzbulQ-unsplash.jpg&#8221; _builder_version=&#8221;4.16&#8243; global_colors_info=&#8221;{}&#8221;]<\/p>\n<ul>\n<li><strong>Harmonogram<\/strong>:\n<ul>\n<li>Kurs sk\u0142ada si\u0119 z 3 webinar\u00f3w (w terminach: 18.04, 25.04, 9.05 &#8211; o 21:00) + webinar \u201e\u017bycie z dzieckiem w wieku szkolnym: rozw\u00f3j, szko\u0142a, wsp\u00f3\u0142praca&#8221;<\/li>\n<li>Webinaria s\u0105 nagrywane, wi\u0119c nie musisz by\u0107 \u201ena \u017cywo&#8221;.<\/li>\n<li>Dost\u0119p do nagra\u0144 i materia\u0142\u00f3w b\u0119dzie przez 24 miesi\u0105ce.<\/li>\n<\/ul>\n<\/li>\n<li>MP3. Nagrania webinar\u00f3w b\u0119d\u0105 dost\u0119pne tak\u017ce w wersji audio \u2013 do s\u0142uchania.<\/li>\n<\/ul>\n<p>[\/et_pb_blurb][\/et_pb_column][\/et_pb_row][et_pb_row _builder_version=&#8221;4.24.3&#8243; _module_preset=&#8221;default&#8221; global_colors_info=&#8221;{}&#8221;][et_pb_column type=&#8221;4_4&#8243; _builder_version=&#8221;4.24.3&#8243; _module_preset=&#8221;default&#8221; global_colors_info=&#8221;{}&#8221;][\/et_pb_column][\/et_pb_row][et_pb_row module_id=&#8221;zapisy&#8221; _builder_version=&#8221;4.16&#8243; background_size=&#8221;initial&#8221; background_position=&#8221;top_left&#8221; background_repeat=&#8221;repeat&#8221; global_colors_info=&#8221;{}&#8221;][et_pb_column type=&#8221;4_4&#8243; _builder_version=&#8221;4.16&#8243; custom_padding=&#8221;|||&#8221; global_colors_info=&#8221;{}&#8221; custom_padding__hover=&#8221;|||&#8221;][et_pb_blurb title=&#8221;3 webinaria kursowe&#8221; use_icon=&#8221;on&#8221; font_icon=&#8221;&#x52;||divi||400&#8243; icon_color=&#8221;#2ea3f2&#8243; icon_placement=&#8221;left&#8221; image_icon_width=&#8221;32px&#8221; _builder_version=&#8221;4.22.2&#8243; header_font_size=&#8221;28px&#8221; background_size=&#8221;initial&#8221; background_position=&#8221;top_left&#8221; background_repeat=&#8221;repeat&#8221; icon_font_size=&#8221;32px&#8221; global_colors_info=&#8221;{}&#8221;][\/et_pb_blurb][et_pb_blurb title=&#8221;Nagranie webinarium \u201e\u017bycie z dzieckiem w wieku szkolnym: rozw\u00f3j, szko\u0142a, wsp\u00f3\u0142praca%22&#8243; use_icon=&#8221;on&#8221; font_icon=&#8221;&#x52;||divi||400&#8243; icon_color=&#8221;#2ea3f2&#8243; icon_placement=&#8221;left&#8221; image_icon_width=&#8221;32px&#8221; _builder_version=&#8221;4.24.3&#8243; header_font_size=&#8221;28px&#8221; background_size=&#8221;initial&#8221; background_position=&#8221;top_left&#8221; background_repeat=&#8221;repeat&#8221; icon_font_size=&#8221;32px&#8221; global_colors_info=&#8221;{}&#8221;][\/et_pb_blurb][et_pb_blurb title=&#8221;wersje mp3&#8243; use_icon=&#8221;on&#8221; font_icon=&#8221;&#x52;||divi||400&#8243; icon_color=&#8221;#2ea3f2&#8243; icon_placement=&#8221;left&#8221; image_icon_width=&#8221;32px&#8221; _builder_version=&#8221;4.16&#8243; header_font_size=&#8221;28px&#8221; background_size=&#8221;initial&#8221; background_position=&#8221;top_left&#8221; background_repeat=&#8221;repeat&#8221; icon_font_size=&#8221;32px&#8221; global_colors_info=&#8221;{}&#8221;][\/et_pb_blurb][et_pb_blurb title=&#8221;aktualna cena: 199 z\u0142 &#8221; use_icon=&#8221;on&#8221; font_icon=&#8221;&#x52;||divi||400&#8243; icon_color=&#8221;#2ea3f2&#8243; icon_placement=&#8221;left&#8221; image_icon_width=&#8221;32px&#8221; _builder_version=&#8221;4.24.3&#8243; header_font=&#8221;||||||||&#8221; header_text_align=&#8221;left&#8221; header_font_size=&#8221;28px&#8221; background_size=&#8221;initial&#8221; background_position=&#8221;top_left&#8221; background_repeat=&#8221;repeat&#8221; text_orientation=&#8221;center&#8221; hover_enabled=&#8221;0&#8243; icon_font_size=&#8221;32px&#8221; global_colors_info=&#8221;{}&#8221; sticky_enabled=&#8221;0&#8243;][\/et_pb_blurb][et_pb_button button_url=&#8221;https:\/\/platformarozwojowa.pl\/zamowienie\/?add-to-cart=219111&#038;price-id=3&#8243; button_text=&#8221;Zapisuj\u0119 si\u0119&#8221; button_alignment=&#8221;center&#8221; _builder_version=&#8221;4.24.3&#8243; _module_preset=&#8221;default&#8221; custom_button=&#8221;on&#8221; button_text_size=&#8221;40px&#8221; button_text_color=&#8221;#FFFFFF&#8221; button_bg_color=&#8221;#8300E9&#8243; hover_enabled=&#8221;0&#8243; global_colors_info=&#8221;{}&#8221; sticky_enabled=&#8221;0&#8243;][\/et_pb_button][\/et_pb_column][\/et_pb_row][et_pb_row _builder_version=&#8221;4.16&#8243; background_size=&#8221;initial&#8221; background_position=&#8221;top_left&#8221; background_repeat=&#8221;repeat&#8221; global_colors_info=&#8221;{}&#8221;][et_pb_column type=&#8221;4_4&#8243; _builder_version=&#8221;4.16&#8243; custom_padding=&#8221;|||&#8221; global_colors_info=&#8221;{}&#8221; custom_padding__hover=&#8221;|||&#8221;][et_pb_text _builder_version=&#8221;4.16&#8243; background_size=&#8221;initial&#8221; background_position=&#8221;top_left&#8221; background_repeat=&#8221;repeat&#8221; text_orientation=&#8221;center&#8221; module_alignment=&#8221;center&#8221; global_colors_info=&#8221;{}&#8221;]<\/p>\n<h1>Cz\u0119sto zadawane pytania<\/h1>\n<p>[\/et_pb_text][et_pb_toggle title=&#8221;Jak d\u0142ugo b\u0119d\u0119 mie\u0107 dost\u0119p do materia\u0142\u00f3w?&#8221; _builder_version=&#8221;4.16&#8243; background_size=&#8221;initial&#8221; background_position=&#8221;top_left&#8221; background_repeat=&#8221;repeat&#8221; global_colors_info=&#8221;{}&#8221;]<\/p>\n<p>Dost\u0119p do materia\u0142\u00f3w wideo, mp3 i pdf b\u0119dzie 24 miesi\u0105ce po zako\u0144czeniu kursu.\u00a0<\/p>\n<p>[\/et_pb_toggle][et_pb_toggle title=&#8221;Jakie s\u0105 wymaganie techniczne?&#8221; _builder_version=&#8221;4.16&#8243; background_size=&#8221;initial&#8221; background_position=&#8221;top_left&#8221; background_repeat=&#8221;repeat&#8221; global_colors_info=&#8221;{}&#8221;]<\/p>\n<p><span>Kurs nie wymaga specjalistycznego oprogramowania. Wystarczy komputer, tablet lub smartfon z dost\u0119pem do internetu.<\/span><\/p>\n<p>[\/et_pb_toggle][et_pb_toggle title=&#8221;Czy mog\u0119 otrzyma\u0107 faktur\u0119?&#8221; _builder_version=&#8221;4.16&#8243; background_size=&#8221;initial&#8221; background_position=&#8221;top_left&#8221; background_repeat=&#8221;repeat&#8221; global_colors_info=&#8221;{}&#8221;]<\/p>\n<p><span>Do ka\u017cdego zakupu kursu jest wystawiany dokument sprzeda\u017cy. Wystarczy poda\u0107 dane firmy i NIP przy sk\u0142adaniu zam\u00f3wienia \u2013 dokument zostanie wys\u0142any automatycznie po dokonaniu p\u0142atno\u015bci. Stawka VAT: 23%.\u00a0<\/span><\/p>\n<p>[\/et_pb_toggle][et_pb_toggle title=&#8221;Mam wi\u0119cej pyta\u0144&#8230;&#8221; _builder_version=&#8221;4.16&#8243; background_size=&#8221;initial&#8221; background_position=&#8221;top_left&#8221; background_repeat=&#8221;repeat&#8221; global_colors_info=&#8221;{}&#8221;]<\/p>\n<p><span>Napisz na adres kontakt@gosiastanczyk.pl<\/span><\/p>\n<p>[\/et_pb_toggle][\/et_pb_column][\/et_pb_row][\/et_pb_section][et_pb_section fb_built=&#8221;1&#8243; _builder_version=&#8221;4.16&#8243; custom_margin=&#8221;32px|||||&#8221; global_colors_info=&#8221;{}&#8221;][\/et_pb_section]<\/p>\n","protected":false},"excerpt":{"rendered":"<p>O kursie &nbsp; Je\u015bli jeste\u015b rodzicem dziecka w wieku szkolnym (7-12), i potrzebujesz wsparcia w radzeniu sobie z typowymi dla tego okresu wyzwaniami, stworzy\u0142y\u015bmy ten kurs dla Ciebie. W trakcie kursu b\u0119dziemy dzieli\u0142y si\u0119 nasz\u0105 wiedz\u0105 i do\u015bwiadczeniem, dotycz\u0105cymi wspierania dzieci w wieku szkolnym (7-12), a tak\u017ce zach\u0119ca\u0142y do dzielenia si\u0119 w\u0105tpliwo\u015bciami, wymiany i wzajemnego [&hellip;]<\/p>\n","protected":false},"author":1,"featured_media":0,"parent":0,"menu_order":0,"comment_status":"closed","ping_status":"closed","template":"page-template-blank.php","meta":{"_et_pb_use_builder":"on","_et_pb_old_content":"","_et_gb_content_width":"","footnotes":""},"_links":{"self":[{"href":"https:\/\/platformarozwojowa.pl\/dzieci-szkolne\/wp-json\/wp\/v2\/pages\/322"}],"collection":[{"href":"https:\/\/platformarozwojowa.pl\/dzieci-szkolne\/wp-json\/wp\/v2\/pages"}],"about":[{"href":"https:\/\/platformarozwojowa.pl\/dzieci-szkolne\/wp-json\/wp\/v2\/types\/page"}],"author":[{"embeddable":true,"href":"https:\/\/platformarozwojowa.pl\/dzieci-szkolne\/wp-json\/wp\/v2\/users\/1"}],"replies":[{"embeddable":true,"href":"https:\/\/platformarozwojowa.pl\/dzieci-szkolne\/wp-json\/wp\/v2\/comments?post=322"}],"version-history":[{"count":147,"href":"https:\/\/platformarozwojowa.pl\/dzieci-szkolne\/wp-json\/wp\/v2\/pages\/322\/revisions"}],"predecessor-version":[{"id":828,"href":"https:\/\/platformarozwojowa.pl\/dzieci-szkolne\/wp-json\/wp\/v2\/pages\/322\/revisions\/828"}],"wp:attachment":[{"href":"https:\/\/platformarozwojowa.pl\/dzieci-szkolne\/wp-json\/wp\/v2\/media?parent=322"}],"curies":[{"name":"wp","href":"https:\/\/api.w.org\/{rel}","templated":true}]}}