{"id":540,"date":"2021-01-29T08:09:50","date_gmt":"2021-01-29T08:09:50","guid":{"rendered":"https:\/\/platformarozwojowa.pl\/biorerelacje\/?page_id=540"},"modified":"2021-08-02T20:07:51","modified_gmt":"2021-08-02T20:07:51","slug":"kurs-nws","status":"publish","type":"page","link":"https:\/\/platformarozwojowa.pl\/biorerelacje\/","title":{"rendered":"Bior\u0119 relacj\u0119"},"content":{"rendered":"<p>[et_pb_section fb_built=&#8221;1&#8243; _builder_version=&#8221;4.9.10&#8243; _module_preset=&#8221;default&#8221;][et_pb_row _builder_version=&#8221;4.9.10&#8243; _module_preset=&#8221;default&#8221;][et_pb_column type=&#8221;4_4&#8243; _builder_version=&#8221;4.9.10&#8243; _module_preset=&#8221;default&#8221;][et_pb_image src=&#8221;https:\/\/platformarozwojowa.pl\/biorerelacje\/wp-content\/uploads\/2021\/08\/228987605_205477408195290_3852498403086304139_n.png&#8221; title_text=&#8221;228987605_205477408195290_3852498403086304139_n&#8221; _builder_version=&#8221;4.9.10&#8243; _module_preset=&#8221;default&#8221;][\/et_pb_image][\/et_pb_column][\/et_pb_row][et_pb_row column_structure=&#8221;1_2,1_2&#8243; make_equal=&#8221;on&#8221; _builder_version=&#8221;4.9.10&#8243; _module_preset=&#8221;default&#8221;][et_pb_column type=&#8221;1_2&#8243; _builder_version=&#8221;4.9.10&#8243; _module_preset=&#8221;default&#8221;][et_pb_image src=&#8221;https:\/\/platformarozwojowa.pl\/biorerelacje\/wp-content\/uploads\/2021\/08\/herb-gostynina-www.png&#8221; title_text=&#8221;herb gostynina www&#8221; url=&#8221;https:\/\/gostynin.pl\/&#8221; _builder_version=&#8221;4.9.10&#8243; _module_preset=&#8221;default&#8221; width=&#8221;39%&#8221; module_alignment=&#8221;center&#8221;][\/et_pb_image][\/et_pb_column][et_pb_column type=&#8221;1_2&#8243; _builder_version=&#8221;4.9.10&#8243; _module_preset=&#8221;default&#8221;][et_pb_image src=&#8221;https:\/\/platformarozwojowa.pl\/biorerelacje\/wp-content\/uploads\/2021\/08\/logo-miasta-Gostynin-scaled.jpg&#8221; title_text=&#8221;logo miasta Gostynin&#8221; url=&#8221;https:\/\/gostynin.pl\/&#8221; align=&#8221;center&#8221; _builder_version=&#8221;4.9.10&#8243; _module_preset=&#8221;default&#8221; width=&#8221;81%&#8221; module_alignment=&#8221;center&#8221;][\/et_pb_image][\/et_pb_column][\/et_pb_row][et_pb_row _builder_version=&#8221;4.9.10&#8243; _module_preset=&#8221;default&#8221;][et_pb_column type=&#8221;4_4&#8243; _builder_version=&#8221;4.9.10&#8243; _module_preset=&#8221;default&#8221;][et_pb_text _builder_version=&#8221;4.9.10&#8243; _module_preset=&#8221;default&#8221;]<\/p>\n<h3>Projekt przeznaczony dla\u00a0<strong>rodzic\u00f3w dzieci ucz\u0119szczaj\u0105cych do przedszkola lub szko\u0142y podstawowej na terenie miasta Gostynina\u00a0<\/strong>oraz dla p<strong>racownik\u00f3w przedszkola lub szko\u0142y podstawowej na terenie miasta Gostynina<\/strong>.<\/h3>\n<p>[\/et_pb_text][\/et_pb_column][\/et_pb_row][et_pb_row column_structure=&#8221;1_2,1_2&#8243; make_equal=&#8221;on&#8221; _builder_version=&#8221;4.9.10&#8243; _module_preset=&#8221;default&#8221;][et_pb_column type=&#8221;1_2&#8243; _builder_version=&#8221;4.9.10&#8243; _module_preset=&#8221;default&#8221;][et_pb_button button_url=&#8221;https:\/\/platformarozwojowa.pl\/biorerelacje\/rodzice\/&#8221; button_text=&#8221;Jestem rodzicem&#8221; button_alignment=&#8221;center&#8221; _builder_version=&#8221;4.9.10&#8243; _module_preset=&#8221;default&#8221; custom_button=&#8221;on&#8221; button_text_size=&#8221;36px&#8221; button_text_color=&#8221;#0C71C3&#8243;][\/et_pb_button][\/et_pb_column][et_pb_column type=&#8221;1_2&#8243; _builder_version=&#8221;4.9.10&#8243; _module_preset=&#8221;default&#8221;][et_pb_button button_text=&#8221;Jestem nauczycielem&#8221; button_alignment=&#8221;center&#8221; _builder_version=&#8221;4.9.10&#8243; _module_preset=&#8221;default&#8221; custom_button=&#8221;on&#8221; button_text_size=&#8221;36px&#8221; button_text_color=&#8221;#0C71C3&#8243; hover_enabled=&#8221;0&#8243; button_url=&#8221;https:\/\/platformarozwojowa.pl\/biorerelacje\/nauczyciele\/&#8221; sticky_enabled=&#8221;0&#8243;][\/et_pb_button][\/et_pb_column][\/et_pb_row][\/et_pb_section]<\/p>\n","protected":false},"excerpt":{"rendered":"<p>Projekt przeznaczony dla\u00a0rodzic\u00f3w dzieci ucz\u0119szczaj\u0105cych do przedszkola lub szko\u0142y podstawowej na terenie miasta Gostynina\u00a0oraz dla pracownik\u00f3w przedszkola lub szko\u0142y podstawowej na terenie miasta Gostynina. Jestem rodzicem Jestem nauczycielem<\/p>\n","protected":false},"author":1,"featured_media":0,"parent":0,"menu_order":0,"comment_status":"closed","ping_status":"closed","template":"page-template-blank.php","meta":{"_et_pb_use_builder":"on","_et_pb_old_content":"","_et_gb_content_width":"","_monsterinsights_skip_tracking":false,"_monsterinsights_sitenote_active":false,"_monsterinsights_sitenote_note":"","_monsterinsights_sitenote_category":0,"footnotes":""},"class_list":["post-540","page","type-page","status-publish","hentry"],"_links":{"self":[{"href":"https:\/\/platformarozwojowa.pl\/biorerelacje\/wp-json\/wp\/v2\/pages\/540","targetHints":{"allow":["GET"]}}],"collection":[{"href":"https:\/\/platformarozwojowa.pl\/biorerelacje\/wp-json\/wp\/v2\/pages"}],"about":[{"href":"https:\/\/platformarozwojowa.pl\/biorerelacje\/wp-json\/wp\/v2\/types\/page"}],"author":[{"embeddable":true,"href":"https:\/\/platformarozwojowa.pl\/biorerelacje\/wp-json\/wp\/v2\/users\/1"}],"replies":[{"embeddable":true,"href":"https:\/\/platformarozwojowa.pl\/biorerelacje\/wp-json\/wp\/v2\/comments?post=540"}],"version-history":[{"count":33,"href":"https:\/\/platformarozwojowa.pl\/biorerelacje\/wp-json\/wp\/v2\/pages\/540\/revisions"}],"predecessor-version":[{"id":720,"href":"https:\/\/platformarozwojowa.pl\/biorerelacje\/wp-json\/wp\/v2\/pages\/540\/revisions\/720"}],"wp:attachment":[{"href":"https:\/\/platformarozwojowa.pl\/biorerelacje\/wp-json\/wp\/v2\/media?parent=540"}],"curies":[{"name":"wp","href":"https:\/\/api.w.org\/{rel}","templated":true}]}}